 36, -a + 40 = h. What is the remainder when h is divided by v?
17
Suppose 3*c = 3*r - 234, 0 = -r - 130*c + 135*c + 94. Calculate the remainder when 4879 is divided by r.
69
Let u(t) = 26 + 0*t + 0*t - 4*t + 3*t. What is the remainder when -1*((-1)/6 + 884/(-24)) is divided by u(12)?
9
Let o = -51 - -112. Let m = -365 + 791. Suppose -m + 140 = -13*u. Calculate the remainder when o is divided by u.
17
Suppose -3*q + 11 = 6*f - 5*f, 5*q - 23 = -2*f. What is the remainder when 518 is divided by f?
0
What is the remainder when ((-23115)/(-23) - 0/2) + 6 is divided by 78?
75
What is the remainder when (-7 - -430) + -1 + 88/8 is divided by 74?
63
Suppose -3*z = 3*o - 24, -15*o + 28 = -10*o + 9*z. What is the remainder when 9602 is divided by o?
10
Suppose -4*v + 15 + 5 = 0. Suppose -v*m - 10 = -3*u + 36, 2*u - 4*m - 32 = 0. Suppose 27*y = -46*y + 219. What is the remainder when u is divided by y?
0
Let j(v) = -3*v - 29. Let n be j(-11). Suppose n*b = 723 + 5. What is the remainder when b is divided by 37?
34
Let u(h) = -39*h + 266. What is the remainder when 1486 is divided by u(5)?
66
Let l = -3723 - -3780. What is the remainder when 582 is divided by l?
12
Let p(h) = -192*h - 2849. What is the remainder when p(-16) is divided by 122?
101
Let x(m) = m - 1. Let q be x(4). Let p = q - -6. Suppose -10*a - 41 = -91. What is the remainder when p is divided by a?
4
Suppose 300 = -34*d + 44*d. Let s(j) be the third derivative of -j**4/6 + j**3/2 + 11*j**2. What is the remainder when s(-14) is divided by d?
29
Calculate the remainder when 5521 is divided by 166 + -150 - (-64 + 0).
1
Let t(z) = -z**2 - 31*z + 69. Let u be t(-33). Suppose 4*w - u*c = 2*w + 47, -2*c = -w + 25. Calculate the remainder when 110 is divided by w.
15
Suppose -21*a + 69007 = 16759. Calculate the remainder when a is divided by 14.
10
Suppose 12*y - 1239 = 5*y. Calculate the remainder when y is divided by 71.
35
Suppose 41 = 3*a - 5*x, -235*x - 27 = -a - 236*x. Calculate the remainder when 163 is divided by a.
9
Suppose 17*a - 2226 = 23*a. Calculate the remainder when (-2)/(-5) + a/(-35) is divided by 9.
2
Let i(y) = -9*y + 40*y**2 - 21*y - 490*y**3 - 20 + 493*y**3. What is the remainder when 685 is divided by i(-14)?
5
Suppose -4*n = -76 + 64, -3*p + 3255 = n. What is the remainder when p is divided by 68?
64
Suppose -4*c = -2*j + c + 67, 4*j + c - 79 = 0. Let q = 5 - 2. Suppose -4*t + 245 = -q*g, 7*t + 4*g = 3*t + 252. What is the remainder when t is divided by j?
20
Let o(h) = h**3 + 9*h**2 + 8*h + 8. Let x = 20 - 20. Suppose -4*c + d = 2*d + 33, -2*c - d - 19 = x. Calculate the remainder when o(c) is divided by 17.
16
Let h(v) = -v**2 - 2*v + 3. Let o be (14/4 + -4)/(4/(-8)). Let z be h(o). Suppose -7*i + 216 - 6 = z. What is the remainder when i is divided by 18?
12
Let a(p) = 3*p**2 + 79*p - 69. Let k be a(-27). Let q = 2 - 3. Calculate the remainder when 53 is divided by q/(1/6*5/k).
17
Suppose 2*s = 6*y + y - 1639, 3*y + s - 695 = 0. Calculate the remainder when y is divided by 77.
2
Suppose -264 = -5*w - f, 15*w = 12*w + 5*f + 164. What is the remainder when 1221 is divided by w?
2
Let l(w) = -w**3 - w**2 + 25*w - 5. Suppose 3*r = 5*c + 208, 3*r - 168 = -0*r - 3*c. Let p = r - 35. What is the remainder when p is divided by l(4)?
11
Let w(d) = -2*d**2 + 45*d - 79. Let x be w(24). Calculate the remainder when 60 is divided by 0 + x/(-6) + (-1)/6.
10
Let j = 21 + 20. Calculate the remainder when (-5)/(-25)*0 - (-4)/(-8)*-1798 is divided by j.
38
Suppose -13*l = -17*l + d - 676, 0 = 5*d. Let g = 175 + l. Calculate the remainder when 77 is divided by g.
5
Let q be 1/((-6)/(-39))*2. Suppose v - 23 = -q. Suppose -140 = -2*r - 3*r. Calculate the remainder when r is divided by v.
8
Let p(b) = b**3 - 3*b**2 + 8*b - 5. Let y = -19 + 23. Let n be p(y). Let k = n + -20. Calculate the remainder when 89 is divided by k.
20
Suppose -29 = 2*u - k + 6, 2*k = 6. Let p be (-40)/(-18) + u/72. Calculate the remainder when 137 is divided by -4*(0 + 1) - (-20 + p).
11
Suppose x + 2*v + 1 = 5, -5*x + 38 = v. Let z be -6*1*6/(-12). Suppose 3*d - 174 = -z*r, 0 = -d - 4*r - 21 + 64. Calculate the remainder when d is divided by x.
7
Suppose 22*s + 832 = 24*s - 2*y, s - 5*y - 412 = 0. What is the remainder when s is divided by 84?
81
Suppose w - 10800 = 105*g - 107*g, w = -5*g + 27009. Calculate the remainder when g is divided by 14.
13
Let v = -6 - -12. Let q(o) = 12*o - 2. Suppose i - 12*m - 24 = -16*m, -i + 24 = -5*m. Calculate the remainder when q(v) is divided by i.
22
Suppose 3076 = 35*m - 550 - 1169. Calculate the remainder when 405 is divided by m.
131
Let d = 14281 - 14262. Suppose -57 = -q - 24. What is the remainder when q is divided by d?
14
Let u = -2523 - -2553. What is the remainder when 1974 is divided by u?
24
Let u(m) = 5*m**2 - m. Let x(a) = 4*a**3 - a**2 - 3*a + 3. Let s be x(1). Suppose 88 - 232 = -s*g. Calculate the remainder when g is divided by u(2).
12
Let p(x) = -6*x + 0*x + 34 - 12 + 5*x. Let l be p(14). Calculate the remainder when 101 is divided by 38/3 - (l/(-6) + 1).
10
Suppose -1354*k + 1752*k = 144872. Suppose 0 = -6*i + 4*i + 184. What is the remainder when k is divided by i?
88
Let u be (2/(-6))/(((-112)/(-6024))/(-14)). Let f = u - -489. Suppose -4*q - q + f = 5*m, -q = -4*m + 617. Calculate the remainder when m is divided by 22.
21
Let n(v) = 1135*v + 9526. What is the remainder when n(-8) is divided by (-2)/(-3)*84/2?
26
Suppose -6*t = 3*h - 4*t - 366, -5*h = -2*t - 610. Suppose -622 + h = -5*p. What is the remainder when p is divided by 36?
28
Suppose 12*l - 5*z = 9*l - 11, 5*z = 2*l + 14. Let n(y) = -4 - 8*y**3 + 5*y**3 + y + 3*y**2 + 4*y**3. What is the remainder when n(l) is divided by 6?
5
Let m(c) = c**3 - 15*c**2 + 15*c - 10. Let w be m(14). Suppose 348 = w*p - 264. What is the remainder when p is divided by 40?
33
Let x(k) = -4 - k**2 + 0 + 2*k - 10*k. What is the remainder when (722 + -7)/13 - 3 is divided by x(-5)?
8
Suppose 0 = -n - 0*n - 3. What is the remainder when 2492/(-1424) - (-1 + 319/(-4)) is divided by -2 - 36/(1 + n)?
15
Suppose 25*u - 4*u - 1152 = 5*u. Calculate the remainder when 133 is divided by u.
61
Suppose 4*q + 4*m + 28 = 0, 5*q + 4*m = 2*m - 38. What is the remainder when 184 is divided by (((-4995)/(-36))/(-15))/(2/q)?
36
Let u(r) = 47*r - 2568. What is the remainder when u(59) is divided by 23?
21
Let c = -48 - -74. Let h = -26 + c. Suppose -3*w - 23 + 122 = h. What is the remainder when w is divided by 17?
16
Let m(x) = -142*x - 2165. What is the remainder when m(-21) is divided by 166?
153
Calculate the remainder when 35/(-21) - (-33714)/27 is divided by 619.
9
Let a be (-2)/(-4) - (-574)/4. Suppose a = 7*c - c. Let i = 13 + 34. Calculate the remainder when i is divided by c.
23
Let y = -2102 - -3962. Let i be 24/(-28)*(-2)/(-6)*56. Calculate the remainder when 2/i - y/(-32) is divided by 10.
8
Suppose -18*r = 10055 - 16643. What is the remainder when 407 is divided by r?
41
Suppose 3*x + 3*p = 9, -2*p + 5*p + 5 = 4*x. Suppose 2*o - 56 = 2*v, -11*o + x*v = -8*o - 88. Calculate the remainder when 155 is divided by o.
27
Suppose 4*t - 16 = t - 5*r, 4*r + 2 = 5*t. Let y(o) = -24*o**3 + 9*o**2 + o + 2. Let a be y(t). Let g = 229 + a. What is the remainder when g is divided by 28?
21
Let h(p) = -164*p + 2095. What is the remainder when h(-7) is divided by 59?
57
Suppose -202*a - 2470 = -221*a. Calculate the remainder when 498 is divided by a.
108
Let f be (-10)/(-4) - 20/(-8). Suppose -7 = -f*o + 48. What is the remainder when 75 is divided by o?
9
Let v(g) = -165*g - 12. Let r be v(-16). Suppose 52*p - r = 40*p. Calculate the remainder when p is divided by 11.
10
Let c = -32 + 44. Let g(j) be the second derivative of -j**4/12 + 5*j**3/2 - 25*j**2/2 - 6*j. Calculate the remainder when 30 is divided by g(c).
8
Suppose 0 = -g + 3, -3*g = 4*d - 101. What is the remainder when 78 is divided by (-7 - d)*16/(-24)?
18
Suppose 4*u - 234 = -0*u - 162. What is the remainder when 1534 is divided by u?
4
Suppose -2*i = -p - 0*i + 214, 3*i - 15 = 0. Suppose p = 4*b + a, -5*b - 24 = 5*a - 289. What is the remainder when 163 is divided by b?
49
Suppose -77 = 4*l - 861. Suppose 0 = 5*q - 3*f + 270, 3*q + l = -3*f - 2*f. Calculate the remainder whe